484944?
4
What is the hundred millions digit of 2085430611?
0
What is the ten thousands digit of 7624614619?
1
What is the hundreds digit of 282108189?
1
What is the hundreds digit of 168128296?
2
What is the units digit of 2792072852?
2
What is the millions digit of 614758632?
4
What is the hundreds digit of 13985687?
6
What is the thousands digit of 22749436?
9
What is the hundred millions digit of 170118611?
1
What is the millions digit of 2030336967?
0
What is the hundred millions digit of 656941149?
6
What is the ten millions digit of 6288745722?
8
What is the hundreds digit of 376159713?
7
What is the tens digit of 1120566647?
4
What is the hundred millions digit of 745193561?
7
What is the millions digit of 163910217?
3
What is the tens digit of 1331003309?
0
What is the hundreds digit of 812797390?
3
What is the hundreds digit of 472186652?
6
What is the units digit of 1824544708?
8
What is the units digit of 5872822632?
2
What is the ten thousands digit of 552638439?
3
What is the units digit of 549800700?
0
What is the tens digit of 141540773?
7
What is the hundreds digit of 1145077091?
0
What is the thousands digit of 199580194?
0
What is the hundreds digit of 3869397472?
4
What is the tens digit of 533078802?
0
What is the millions digit of 25035377?
5
What is the ten millions digit of 32025543?
3
What is the thousands digit of 42240180?
0
What is the hundred millions digit of 207361282?
2
What is the hundreds digit of 27292856?
8
What is the tens digit of 5003021858?
5
What is the ten millions digit of 806709700?
0
What is the hundreds digit of 74025690?
6
What is the tens digit of 85884766?
6
What is the hundred thousands digit of 57212261?
2
What is the hundred thousands digit of 145645496?
6
What is the hundreds digit of 159585564?
5
What is the hundreds digit of 466546270?
2
What is the hundred thousands digit of 52853284?
8
What is the billions digit of 5118590032?
5
What is the hundred millions digit of 1715038451?
7
What is the millions digit of 291261874?
1
What is the hundreds digit of 58568351?
3
What is the millions digit of 3194305436?
4
What is the units digit of 2061473080?
0
What is the hundreds digit of 2255649406?
4
What is the ten thousands digit of 196252001?
5
What is the hundreds digit of 28280066?
0
What is the thousands digit of 28741360?
1
What is the millions digit of 244157658?
4
What is the hundred thousands digit of 246254307?
2
What is the ten millions digit of 582980577?
8
What is the hundred millions digit of 198765397?
1
What is the ten thousands digit of 687796962?
9
What is the hundreds digit of 80033556?
5
What is the hundreds digit of 69055397?
3
What is the units digit of 42100596?
6
What is the ten thousands digit of 1913517225?
1
What is the tens digit of 2083266029?
2
What is the thousands digit of 2587277148?
7
What is the units digit of 501483632?
2
What is the ten thousands digit of 648302881?
0
What is the ten millions digit of 43317389?
4
What is the hundred thousands digit of 53881685?
8
What is the units digit of 572090547?
7
What is the hundred millions digit of 3210783346?
2
What is the hundred thousands digit of 7429827223?
8
What is the thousands digit of 1396536231?
6
What is the thousands digit of 143000170?
0
What is the tens digit of 2201585189?
8
What is the billions digit of 3885697812?
3
What is the millions digit of 2199185389?
9
What is the hundred thousands digit of 432112091?
1
What is the millions digit of 472725611?
2
What is the hundred millions digit of 124779093?
1
What is the ten thousands digit of 4866695?
6
What is the billions digit of 2010167010?
2
What is the thousands digit of 333358259?
8
What is the ten thousands digit of 96975147?
7
What is the thousands digit of 12658373?
8
What is the billions digit of 2401705500?
2
What is the hundreds digit of 2051816127?
1
What is the hundred thousands digit of 131626783?
6
What is the thousands digit of 136897189?
7
What is the ten thousands digit of 902402938?
0
What is the ten thousands digit of 221792453?
9
What is the hundred thousands digit of 111622703?
6
What is the hundred thousands digit of 309968586?
9
What is the hundreds digit of 47334127?
1
What is the millions digit of 14571963?
4
What is the hundred thousands digit of 52685753?
6
What is the hundred thousands digit of 10028977?
0
What is the millions digit of 44779609?
4
What is the hundred millions digit of 577021246?
5
What is the ten thousands digit of 59539838?
3
What is the millions digit of 228509240?
8
What is the tens digit of 77763486?
8
What is the hundreds digit of 239072506?
5
What is the units digit of 45925586?
6
What is the hundred thousands digit of 8272239966?
2
What is the units digit of 3427808421?
1
What is the hundred thousands digit of 13255799?
2
What is the hundred thousands digit of 37498309?
4
What is the millions digit of 6153414441?
3
What is the ten millions digit of 329807302?
2
What is the thousands digit of 2973471387?
1
What is the hundred thousands digit of 29644486?
6
What is the hundred thousands digit of 5656868?
6
What is the units digit of 1404260114?
4
What is the hundred thousands digit of 226182641?
1
What is the billions digit of 5947697326?
5
What is the thousands digit of 113900118?
0
What is the ten millions digit of 37507008?
3
What is the hundreds digit of 3662112236?
2
What is the hundred millions digit of 517136964?
5
What is the thousands digit of 268686939?
6
What is the hundred thousands digit of 24954230?
9
What is the units digit of 5263249803?
3
What is the thousands digit of 394834331?
4
What is the ten thousands digit of 450793709?
9
What is the ten thousands digit of 191065560?
6
What is the hundreds digit of 42565231?
2
What is the hundred millions digit of 2053561752?
0
What is the millions digit of 102124862?
2
What is the hundreds digit of 6691248?
2
What is the hundreds digit of 517351348?
3
What is the hundred millions digit of 367519467?
3
What is the ten millions digit of 49225711?
4
What is the tens digit of 58888628?
2
What is the units digit of 691080359?
9
What is the tens digit of 2367081539?
3
What is the hundred thousands digit of 2514069?
5
What is the units digit of 133192120?
0
What is the units digit of 5342856522?
2
What is the hundred thousands digit of 1213005864?
0
What is the hundred thousands digit of 4657856204?
8
What is the ten millions digit of 140061112?
4
What is the tens digit of 71441099?
9
What is the units digit of 55957894?
4
What is the millions digit of 5088250147?
8
What is the hundred millions digit of 160510700?
1
What is the units digit of 463777770?
0
What is the tens digit of 1983561417?
1
What is the tens digit of 4662179897?
9
What is the millions digit of 401222970?
1
What is the ten millions digit of 611941498?
1
What is the hundreds digit of 184925724?
7
What is the hundred millions digit of 268314091?
2
What is the hundreds digit of 2919525498?
4
What is the ten millions digit of 4754657990?
5
What is the thousands digit of 22132345?
2
What is the hundreds digit of 130195909?
9
What is the ten thousands digit of 1982032177?
3
What is the tens digit of 143253770?
7
What is the thousands digit of 57254569?
4
What is the thousands digit of 8484719035?
9
What is the millions digit of 356427661?
6
What is the thousands digit of 596932734?
2
What is the ten millions digit of 66836393?
6
What is the ten millions digit of 45787625?
4
What is the ten thousands digit of 503093448?
9
What is the hundred thousands digit of 1827794268?
7
What is the ten thousands digit of 106351831?
5
What is the hundred thousands digit of 38433224?
4
What is the units digit of 3153451540?
0
What is the hundreds digit of 78896752?
7
What is the millions digit of 48912559?
8
What is the units digit of 32516249?
9
What is the millions digit of 27112461?
7
What is the hundreds digit of 8627411?
4
What is the tens digit of 166174720?
2
What is the ten thousands digit of 170074296?
7
What is the ten millions digit of 351179816?
5
What is the ten millions digit of 77521912?
7
What is the hundred millions digit of 370709295?
3
What is the hundreds digit of 37977035?
0
What is the hundreds digit of 90689359?
3
What is the ten thousands digit of 8261036567?
3
What is the hundre